 highest common factor of b and s?
9
Let a = 10 - -15. Suppose 4*p - 45 = -a. Let b = p + 30. Calculate the greatest common factor of b and 14.
7
Suppose 3*m - 1359 - 1281 = 0. Suppose 19*l + l - m = 0. Let y(t) = t**3 + 4*t**2 - 2*t + 3. Let i be y(-4). What is the greatest common divisor of i and l?
11
Let f(n) = 5*n**2 + 255*n + 25. Let j be f(-52). Calculate the greatest common factor of j and 75.
15
Suppose 5*s + 460 = -5*u, 3*u - 2*s + 290 - 34 = 0. Let o = 92 + u. Suppose 3*y = 163 - 55. Calculate the highest common factor of y and o.
4
Suppose -242*w + 221*w = -63. Suppose -17 = -t + 7. What is the highest common factor of w and t?
3
Suppose 11*p + 0*p - 2519 = 0. What is the highest common divisor of p and 2?
1
Let m be (-2)/(-4)*-4 + -2 + 12. Let h be 7/((-35)/(-50))*m. What is the highest common divisor of 32 and h?
16
Let q = 11 + -19. Let y = q - -30. Calculate the greatest common factor of 44 and y.
22
Let t(g) = 2*g - 6 - 4*g - g. Let i be t(-5). Suppose 3*u = 4*w + 3 - 21, 2*w - 10 = u. What is the greatest common factor of w and i?
3
Let x(a) = 6*a - 31. Let p be x(11). Calculate the highest common divisor of 455 and p.
35
Let s = 23 - 25. Let i = s - -10. Calculate the highest common divisor of i and 20.
4
Let c(j) = -2*j - 8. Let n be c(-8). Let r(v) = 94*v - 398. Let m be r(5). Calculate the highest common divisor of n and m.
8
Suppose -3*d - 3 = 0, 0*d - 2*d + 13 = 5*h. Let p = h - -4. Suppose -p*y = -y - 252. Calculate the greatest common divisor of y and 14.
14
Let g(f) be the third derivative of 5*f**4/24 + f**3 + 9*f**2. Let k be g(3). What is the highest common factor of k and 147?
21
Suppose 2*h + 38 = 518. Calculate the highest common factor of 6 and h.
6
Let c = 126 + -70. Suppose -2*z - 19*w + 38 = -14*w, 32 = 2*z + 2*w. Calculate the highest common divisor of z and c.
14
Suppose -150 - 185 = -5*g. Let b = 73 - g. Calculate the highest common divisor of b and 54.
6
Let i = 7 - -7. Let l be ((-72)/i)/((-6)/21). Calculate the highest common divisor of 2 and l.
2
Suppose -3*l + 15 = 0, -7 = 4*x - 4*l + 1. Suppose 0 = 2*y + 1 + x. Let f be ((-18)/4 - y)*-2. Calculate the greatest common factor of 35 and f.
5
Let n be 119/9 + 5*10/(-225). What is the highest common divisor of n and 533?
13
Suppose 3*r = -5*i + 136, 0 = -2*i + r - 3*r + 56. What is the greatest common divisor of 143 and i?
13
Let l be (-4)/(-2) + -16 + 19. Suppose 2*f - f + 11 = o, l*f + 19 = -o. What is the highest common divisor of 10 and o?
2
Let o = -655 + 660. What is the highest common factor of 115 and o?
5
Let q = -21 - -17. Let t = 1 - 1. Let n be (t + 25/q)*-24. What is the highest common factor of 25 and n?
25
Suppose -1450 = -85*v - 175. What is the highest common divisor of v and 2085?
15
Suppose 0 = -2*z - 42 + 114. Let d be (230/(-1104))/(10/(-18)) + 186/16. Calculate the highest common factor of z and d.
12
Let k = -3 - 13. Let y be (36/k)/((-4)/(-16)). Let o(r) = -r**3 - 9*r**2 + 12. Let s be o(y). Calculate the highest common factor of 84 and s.
12
Let k = 265 - 224. Calculate the highest common factor of k and 287.
41
Let k(i) = -2*i**2 - 21*i. Suppose 96 - 46 = -5*p. Let n be k(p). Calculate the highest common factor of 90 and n.
10
Suppose -14*p + 143 + 347 = 0. Let r(x) = -x. Let b be r(-7). What is the greatest common factor of b and p?
7
Suppose 8*z + 4*z = 540. What is the greatest common divisor of 3 and z?
3
Suppose x + 46 = -z + 6*x, -4*x + 4 = 0. Let r = z - -17. Let k = r - -112. Calculate the greatest common divisor of k and 8.
8
Let p(n) = n**3 - 7*n**2 + 11*n - 3. Let t be p(5). Let c = t + 5. Calculate the greatest common factor of 7 and c.
7
Let b be ((-18)/(-6) + -3)/5. Suppose -3*o + b*o - 3*q = -612, 3*o = q + 632. What is the highest common factor of 19 and o?
19
Let b = -26 - -29. Suppose -b*y - 2*o = -52, 3*y = -y + 3*o + 92. What is the highest common divisor of 8 and y?
4
Suppose -4*v + 1344 = 10*v. Calculate the highest common factor of v and 336.
48
Let j be 2*5*(-2)/(-4). Let r be (-1)/((-4)/(-80)*(-14)/28). Calculate the highest common factor of r and j.
5
Let z(f) = 4*f**2 - 2*f + 6. Let p be z(5). Suppose n + 127 = -13. Let q = -128 - n. What is the highest common factor of q and p?
12
Let r = -115 - -143. Suppose -2*k = 27 - 83. What is the greatest common factor of r and k?
28
Let b = 43 + -29. What is the highest common divisor of 49 and b?
7
Suppose -3*k = -51 - 57. Suppose 4*v = -5*w + 9, 2*v + 33*w + 3 = 28*w. What is the greatest common factor of v and k?
6
Let f(h) = h**3 + 4*h**2 + 2*h**2 - 10*h**2 + 7*h - 3*h**2 + 4. Let o be f(6). Let v = o + 4. Calculate the highest common factor of v and 112.
14
Let k = -1706 - -2794. What is the highest common factor of k and 8?
8
Suppose 0 = 5*y, -5*h - 25 = -0*y + 2*y. Let a be 4*(8/(-10))/(h/125). Calculate the greatest common divisor of 20 and a.
20
Let h(t) = t**2 + 6*t - 23. Let v be h(8). Let d = -73 + v. Suppose -4*r - 42 = -170. What is the greatest common factor of d and r?
16
Let l be (-1230)/(-6) - (-2 - 1 - 2). Calculate the highest common factor of l and 120.
30
Suppose 5*z - 130 = -5*r, 3*r = 16*z - 12*z - 132. What is the highest common factor of 24 and z?
6
Let a(k) = 22*k + 430. Let z be a(-17). Suppose x - 4*y = -0*y + 8, -2*x + 16 = -4*y. Calculate the highest common divisor of z and x.
8
Let f(l) = l**2 + 7*l - 27. Let y be f(-11). Suppose 3*j + p = 52, -4*j - p = -0*p - 69. Calculate the greatest common factor of y and j.
17
Suppose 13*p - 2605 = 1815. Calculate the highest common divisor of p and 10.
10
Let i = 124 - 218. Let z = -89 - i. What is the highest common factor of z and 45?
5
Let f = -40 + 47. Suppose 4*b + f = 5*b. What is the greatest common factor of b and 77?
7
Let b be 6/(-3) - 96/(-6). Let g = 22 - 14. Let v = -6 + g. Calculate the greatest common factor of b and v.
2
Suppose 6*g - 9*g - 15 = 0, k + g - 411 = 0. Calculate the highest common divisor of 91 and k.
13
Let x be ((-4)/(-5))/((-4)/(-20)). Suppose 2*u = 3*t - 5, 4*u = -2*t + 6*t - x. Suppose -t*z - 2*z + 420 = 0. What is the greatest common divisor of z and 12?
12
Suppose -29*n + 35*n = 2892. Suppose -3*p = 5*g - 601, -3*p + n = -2*g + 6*g. Calculate the highest common factor of 17 and g.
17
Let v be ((-6)/2)/(1/3*-3). Suppose -3*w = 0, -3*z - 4*w = -v*w - 36. Calculate the highest common divisor of 108 and z.
12
Let o(h) = -h**2 - h + 4. Suppose -2*l = -0*l. Let i be o(l). Let j be (12/7)/(10/70). Calculate the highest common divisor of j and i.
4
Let t(g) = -13*g + 15. Let s be t(0). What is the greatest common divisor of s and 240?
15
Let h(b) = -2*b + 76. Let t be h(18). Let n(r) be the second derivative of -r**3/6 + 8*r**2 - r. Let v be n(8). What is the highest common divisor of t and v?
8
Let x be 2/(-12) - (10/12 - 3). Suppose -m = 2*r - x*m - 39, -4*r + 84 = -4*m. What is the highest common factor of r and 36?
18
Let p(w) = -w - 29. Let f be p(-9). Let n be (-3)/(-4) + -1*205/f. What is the highest common factor of n and 297?
11
Let c = 399 + -156. Let z be ((-24)/(-72))/(2/6*-1). Let n be 4/((-16)/108)*z. Calculate the greatest common factor of c and n.
27
Let c be (0 - -5 - 2)/((-6)/(-280)). Suppose -77 = 3*o - 317. Let x = c - o. Calculate the highest common divisor of 12 and x.
12
Suppose 7*j = 113 + 13. What is the highest common factor of 27 and j?
9
Let w = -15 - -25. Let j(a) = a**3 - 8*a**2 + 7*a - 31. Let u be j(8). What is the greatest common factor of u and w?
5
Suppose 0 = 7*r - 47 - 2. What is the highest common factor of r and 623?
7
Let v = 10 + -7. Suppose -643 = -5*s - j - 2*j, v*j = s - 125. Suppose 0*l = 2*l - s. What is the greatest common divisor of 8 and l?
8
Suppose -6 = -0*g - 2*g. Let n be 43/g - 26/(-39). Calculate the greatest common factor of n and 135.
15
Suppose 8*y = 16*y + 824. Let q = -69 - y. Calculate the highest common divisor of q and 85.
17
Let v(y) = y**3 + 19*y**2 + 47*y + 2. Let r be v(-14). Calculate the greatest common factor of 12 and r.
12
Let x(g) = -2*g**3 + 31*g**2 - 37*g - 20. Let o be x(13). Calculate the greatest common divisor of o and 24.
8
Let l be (-6)/2 + -1 - -3. Let m = -49 + l. Let u be (-2)/(-3) - m/15. What is the greatest common factor of 4 and u?
4
Let g(t) = -7*t**2 + 2*t - 1. Let r